eatest common divisor of 177 and 4307?
59
What is the greatest common factor of 1704 and 3266?
142
Calculate the highest common factor of 88 and 8.
8
What is the greatest common factor of 5980 and 65?
65
What is the greatest common factor of 832 and 13?
13
Calculate the highest common divisor of 946 and 172.
86
Calculate the highest common divisor of 426 and 12.
6
What is the greatest common divisor of 17486 and 70?
14
What is the greatest common divisor of 533 and 451?
41
Calculate the highest common factor of 7 and 553.
7
What is the highest common factor of 828 and 36?
36
Calculate the greatest common factor of 121305 and 15.
15
What is the highest common divisor of 54 and 684?
18
What is the greatest common factor of 594 and 90?
18
What is the greatest common factor of 33 and 16995?
33
Calculate the highest common factor of 13205 and 95.
95
Calculate the greatest common factor of 1628 and 37.
37
Calculate the highest common divisor of 170 and 3094.
34
What is the highest common divisor of 190 and 1843?
19
What is the highest common divisor of 2724 and 8?
4
What is the highest common divisor of 21 and 3997?
7
Calculate the highest common divisor of 4310 and 50.
10
What is the greatest common divisor of 154 and 21?
7
Calculate the greatest common factor of 18 and 5790.
6
What is the greatest common divisor of 4361 and 49?
49
What is the highest common factor of 75 and 6225?
75
Calculate the greatest common divisor of 19040 and 320.
160
What is the highest common factor of 288 and 36?
36
Calculate the highest common factor of 415 and 83.
83
Calculate the greatest common factor of 2068 and 44.
44
What is the highest common factor of 595 and 840?
35
Calculate the highest common factor of 39 and 6123.
39
What is the highest common factor of 18 and 360?
18
What is the highest common divisor of 11 and 7909?
11
What is the highest common factor of 3482 and 2?
2
What is the greatest common factor of 173 and 3?
1
What is the highest common factor of 84 and 108?
12
Calculate the greatest common divisor of 1961 and 901.
53
What is the greatest common factor of 396 and 99?
99
Calculate the highest common divisor of 50 and 550.
50
What is the greatest common factor of 56 and 8792?
56
What is the highest common divisor of 420 and 180?
60
Calculate the highest common factor of 598 and 3926.
26
Calculate the highest common divisor of 15 and 21.
3
What is the highest common factor of 1640 and 580?
20
What is the greatest common divisor of 59 and 1?
1
What is the greatest common divisor of 106 and 106?
106
Calculate the highest common divisor of 2868 and 12.
12
What is the highest common divisor of 45 and 305?
5
Calculate the greatest common factor of 7 and 63.
7
Calculate the greatest common divisor of 96 and 6504.
24
What is the highest common factor of 42 and 2457?
21
Calculate the highest common factor of 994 and 6106.
142
What is the highest common divisor of 1128 and 470?
94
What is the highest common divisor of 16247 and 77?
77
What is the greatest common divisor of 27 and 153?
9
Calculate the greatest common divisor of 9847 and 86.
43
Calculate the highest common divisor of 1050 and 2415.
105
Calculate the greatest common factor of 374 and 22.
22
What is the greatest common factor of 3741 and 522?
87
What is the greatest common divisor of 1653 and 171?
57
What is the greatest common divisor of 30 and 115?
5
What is the highest common factor of 68 and 2516?
68
Calculate the highest common factor of 112 and 14.
14
Calculate the highest common factor of 49 and 4753.
49
What is the highest common divisor of 380 and 20?
20
Calculate the greatest common divisor of 19 and 1121.
19
Calculate the highest common divisor of 9620 and 444.
148
Calculate the greatest common factor of 225 and 50.
25
What is the highest common divisor of 605 and 55?
55
Calculate the greatest common divisor of 99 and 54.
9
What is the greatest common factor of 192 and 6?
6
Calculate the greatest common factor of 176 and 66.
22
Calculate the highest common divisor of 6 and 54.
6
Calculate the greatest common divisor of 121 and 37873.
121
Calculate the highest common divisor of 40 and 35.
5
What is the greatest common factor of 13 and 377?
13
Calculate the greatest common factor of 249 and 1.
1
What is the greatest common divisor of 10 and 400?
10
Calculate the greatest common factor of 104 and 216.
8
Calculate the greatest common factor of 9 and 37809.
9
Calculate the highest common divisor of 9308 and 179.
179
What is the highest common factor of 95 and 114?
19
Calculate the greatest common factor of 15 and 2235.
15
Calculate the highest common divisor of 460 and 115.
115
What is the greatest common divisor of 172 and 1075?
43
Calculate the highest common factor of 19 and 1387.
19
Calculate the highest common divisor of 45 and 99.
9
What is the greatest common factor of 40 and 1070?
10
Calculate the greatest common factor of 14 and 1946.
14
Calculate the highest common divisor of 344 and 16.
8
What is the highest common divisor of 198 and 1485?
99
Calculate the highest common factor of 112 and 7.
7
What is the greatest common divisor of 4 and 14?
2
Calculate the highest common factor of 36 and 16.
4
Calculate the highest common divisor of 2368 and 1332.
148
What is the greatest common divisor of 36210 and 255?
255
Calculate the greatest common factor of 132 and 240.
12
What is the greatest common factor of 15 and 315?
15
Calculate the greatest common divisor of 33 and 781.
11
Calculate the highest common factor of 2139 and 93.
93
Calculate the highest common factor of 120 and 5805.
15
Calculate the highest common divisor of 799 and 34.
17
Calculate the highest common factor of 48 and 184.
8
What is the highest common divisor of 46 and 138?
46
Calculate the highest common divisor of 24 and 1256.
8
Calculate the greatest common factor of 12 and 162.
6
Calculate the highest common divisor of 115 and 92.
23
Calculate the greatest common factor of 110 and 90.
10
What is the highest common divisor of 132 and 96?
12
What is the greatest common divisor of 67642 and 31?
31
What is the highest common divisor of 139 and 10147?
139
Calculate the highest common divisor of 182 and 28.
14
What is the greatest common factor of 204 and 1836?
204
What is the highest common divisor of 2280 and 360?
120
What is the greatest common divisor of 1363 and 29?
29
Calculate the greatest common divisor of 2596 and 176.
44
Calculate the greatest common divisor of 9 and 171.
9
Calculate the highest common factor of 1431 and 2279.
53
Calculate the greatest common factor of 315 and 27.
9
What is the greatest common factor of 1334 and 46?
46
Calculate the greatest common factor of 44411 and 89.
89
What is the highest common factor of 24 and 2388?
12
What is the highest common divisor of 6 and 3618?
6
Calculate the highest common factor of 4 and 604.
4
Calculate the highest common factor of 320 and 720.
80
Calculate the highest common divisor of 390 and 55.
5
Calculate the highest common divisor of 299 and 23.
23
What is the highest common divisor of 77 and 11?
11
Calculate the greatest common divisor of 18 and 51.
3
What is the greatest common divisor of 22 and 3322?
22
Calculate the greatest common factor of 637 and 2366.
91
Calculate the highest common divisor of 1416 and 128.
8
Calculate the highest common divisor of 32 and 96.
32
Calculate the highest common factor of 15 and 255.
15
What is the greatest common divisor of 99 and 693?
99
What is the highest common factor of 91 and 351?
13
What is the greatest common factor of 7258 and 76?
38
What is the greatest common factor of 12 and 4?
4
Calculate the greatest common divisor of 60 and 390.
30
What is the highest common divisor of 408 and 24?
24
Calculate the greatest common factor of 203 and 14.
7
Calculate the highest common divisor of 60 and 168.
12
What is the greatest common factor of 1334 and 322?
46
What is the highest common factor of 2684 and 732?
244
What is the greatest common divisor of 13 and 208?
13
What is the highest common divisor of 518 and 91?
7
Calculate the greatest common factor of 82 and 6601.
41
Calculate the highest common divisor of 1944 and 1512.
216
What is the highest common factor of 46 and 1679?
23
Calculate the greatest common